{"id":5057,"date":"2024-03-15T22:28:04","date_gmt":"2024-03-15T21:28:04","guid":{"rendered":"https:\/\/parkinson35.fr\/?post_type=tribe_events&#038;p=5057"},"modified":"2024-08-22T09:50:44","modified_gmt":"2024-08-22T07:50:44","slug":"the-dansant-a-chateaubriant","status":"publish","type":"tribe_events","link":"https:\/\/fondation-os.fr\/os-ouest\/APIV\/event\/the-dansant-a-chateaubriant\/","title":{"rendered":"Th\u00e9 dansant \u00e0 Ch\u00e2teaubriant le 18 ao\u00fbt 2024"},"content":{"rendered":"","protected":false},"excerpt":{"rendered":"<p>Deuxi\u00e8me  th\u00e9 dansant de l&rsquo;ann\u00e9e en ce mois d&rsquo;ao\u00fbt apr\u00e8s le succ\u00e8s rencontr\u00e9 avec celui du 3 mars.  Nous vous y attendons nombreux !<\/p>\n","protected":false},"author":3,"featured_media":5059,"template":"","meta":{"_acf_changed":false,"_et_pb_use_builder":"","_et_pb_old_content":"","_et_gb_content_width":"","_tribe_events_status":"","_tribe_events_status_reason":"","footnotes":""},"tags":[],"tribe_events_cat":[28,34],"class_list":["post-5057","tribe_events","type-tribe_events","status-publish","has-post-thumbnail","hentry","tribe_events_cat-evenements-externes","tribe_events_cat-vie-de-lassociation","cat_evenements-externes","cat_vie-de-lassociation"],"acf":[],"yoast_head":"<!-- This site is optimized with the Yoast SEO plugin v27.5 - https:\/\/yoast.com\/product\/yoast-seo-wordpress\/ -->\n<title>Th\u00e9 dansant \u00e0 Ch\u00e2teaubriant le 18 ao\u00fbt 2024 - Graine de Courage, Sourire pour Parkinson<\/title>\n<meta name=\"robots\" content=\"index, follow, max-snippet:-1, max-image-preview:large, max-video-preview:-1\" \/>\n<link rel=\"canonical\" href=\"https:\/\/fondation-os.fr\/os-ouest\/APIV\/event\/the-dansant-a-chateaubriant\/\" \/>\n<meta property=\"og:locale\" content=\"fr_FR\" \/>\n<meta property=\"og:type\" content=\"article\" \/>\n<meta property=\"og:title\" content=\"Th\u00e9 dansant \u00e0 Ch\u00e2teaubriant le 18 ao\u00fbt 2024 - Graine de Courage, Sourire pour Parkinson\" \/>\n<meta property=\"og:description\" content=\"Deuxi\u00e8me th\u00e9 dansant de l&#039;ann\u00e9e en ce mois d&#039;ao\u00fbt apr\u00e8s le succ\u00e8s rencontr\u00e9 avec celui du 3 mars. Nous vous y attendons nombreux !\" \/>\n<meta property=\"og:url\" content=\"https:\/\/fondation-os.fr\/os-ouest\/APIV\/event\/the-dansant-a-chateaubriant\/\" \/>\n<meta property=\"og:site_name\" content=\"Graine de Courage, Sourire pour Parkinson\" \/>\n<meta property=\"article:modified_time\" content=\"2024-08-22T07:50:44+00:00\" \/>\n<meta property=\"og:image\" content=\"https:\/\/fondation-os.fr\/os-ouest\/APIV\/wp-content\/uploads\/2024\/03\/The-dansant-Aout-2024.jpg\" \/>\n\t<meta property=\"og:image:width\" content=\"678\" \/>\n\t<meta property=\"og:image:height\" content=\"941\" \/>\n\t<meta property=\"og:image:type\" content=\"image\/jpeg\" \/>\n<meta name=\"twitter:card\" content=\"summary_large_image\" \/>\n<meta name=\"twitter:label1\" content=\"Dur\u00e9e de lecture estim\u00e9e\" \/>\n\t<meta name=\"twitter:data1\" content=\"1 minute\" \/>\n<script type=\"application\/ld+json\" class=\"yoast-schema-graph\">{\"@context\":\"https:\\\/\\\/schema.org\",\"@graph\":[{\"@type\":\"WebPage\",\"@id\":\"https:\\\/\\\/fondation-os.fr\\\/os-ouest\\\/APIV\\\/event\\\/the-dansant-a-chateaubriant\\\/\",\"url\":\"https:\\\/\\\/fondation-os.fr\\\/os-ouest\\\/APIV\\\/event\\\/the-dansant-a-chateaubriant\\\/\",\"name\":\"Th\u00e9 dansant \u00e0 Ch\u00e2teaubriant le 18 ao\u00fbt 2024 - Graine de Courage, Sourire pour Parkinson\",\"isPartOf\":{\"@id\":\"https:\\\/\\\/fondation-os.fr\\\/os-ouest\\\/APIV\\\/#website\"},\"primaryImageOfPage\":{\"@id\":\"https:\\\/\\\/fondation-os.fr\\\/os-ouest\\\/APIV\\\/event\\\/the-dansant-a-chateaubriant\\\/#primaryimage\"},\"image\":{\"@id\":\"https:\\\/\\\/fondation-os.fr\\\/os-ouest\\\/APIV\\\/event\\\/the-dansant-a-chateaubriant\\\/#primaryimage\"},\"thumbnailUrl\":\"https:\\\/\\\/fondation-os.fr\\\/os-ouest\\\/APIV\\\/wp-content\\\/uploads\\\/2024\\\/03\\\/The-dansant-Aout-2024.jpg\",\"datePublished\":\"2024-03-15T21:28:04+00:00\",\"dateModified\":\"2024-08-22T07:50:44+00:00\",\"breadcrumb\":{\"@id\":\"https:\\\/\\\/fondation-os.fr\\\/os-ouest\\\/APIV\\\/event\\\/the-dansant-a-chateaubriant\\\/#breadcrumb\"},\"inLanguage\":\"fr-FR\",\"potentialAction\":[{\"@type\":\"ReadAction\",\"target\":[\"https:\\\/\\\/fondation-os.fr\\\/os-ouest\\\/APIV\\\/event\\\/the-dansant-a-chateaubriant\\\/\"]}]},{\"@type\":\"ImageObject\",\"inLanguage\":\"fr-FR\",\"@id\":\"https:\\\/\\\/fondation-os.fr\\\/os-ouest\\\/APIV\\\/event\\\/the-dansant-a-chateaubriant\\\/#primaryimage\",\"url\":\"https:\\\/\\\/fondation-os.fr\\\/os-ouest\\\/APIV\\\/wp-content\\\/uploads\\\/2024\\\/03\\\/The-dansant-Aout-2024.jpg\",\"contentUrl\":\"https:\\\/\\\/fondation-os.fr\\\/os-ouest\\\/APIV\\\/wp-content\\\/uploads\\\/2024\\\/03\\\/The-dansant-Aout-2024.jpg\",\"width\":678,\"height\":941},{\"@type\":\"BreadcrumbList\",\"@id\":\"https:\\\/\\\/fondation-os.fr\\\/os-ouest\\\/APIV\\\/event\\\/the-dansant-a-chateaubriant\\\/#breadcrumb\",\"itemListElement\":[{\"@type\":\"ListItem\",\"position\":1,\"name\":\"Accueil\",\"item\":\"https:\\\/\\\/fondation-os.fr\\\/os-ouest\\\/APIV\\\/\"},{\"@type\":\"ListItem\",\"position\":2,\"name\":\"\u00c9v\u00e8nements\",\"item\":\"https:\\\/\\\/fondation-os.fr\\\/os-ouest\\\/APIV\\\/events\\\/\"},{\"@type\":\"ListItem\",\"position\":3,\"name\":\"Th\u00e9 dansant \u00e0 Ch\u00e2teaubriant le 18 ao\u00fbt 2024\"}]},{\"@type\":\"WebSite\",\"@id\":\"https:\\\/\\\/fondation-os.fr\\\/os-ouest\\\/APIV\\\/#website\",\"url\":\"https:\\\/\\\/fondation-os.fr\\\/os-ouest\\\/APIV\\\/\",\"name\":\"Graine de Courage, Sourire pour Parkinson\",\"description\":\"Graine de Courage, Sourire pour Parkinson\",\"publisher\":{\"@id\":\"https:\\\/\\\/fondation-os.fr\\\/os-ouest\\\/APIV\\\/#organization\"},\"potentialAction\":[{\"@type\":\"SearchAction\",\"target\":{\"@type\":\"EntryPoint\",\"urlTemplate\":\"https:\\\/\\\/fondation-os.fr\\\/os-ouest\\\/APIV\\\/?s={search_term_string}\"},\"query-input\":{\"@type\":\"PropertyValueSpecification\",\"valueRequired\":true,\"valueName\":\"search_term_string\"}}],\"inLanguage\":\"fr-FR\"},{\"@type\":\"Organization\",\"@id\":\"https:\\\/\\\/fondation-os.fr\\\/os-ouest\\\/APIV\\\/#organization\",\"name\":\"Graine de Courage, Sourire pour Parkinson\",\"url\":\"https:\\\/\\\/fondation-os.fr\\\/os-ouest\\\/APIV\\\/\",\"logo\":{\"@type\":\"ImageObject\",\"inLanguage\":\"fr-FR\",\"@id\":\"https:\\\/\\\/fondation-os.fr\\\/os-ouest\\\/APIV\\\/#\\\/schema\\\/logo\\\/image\\\/\",\"url\":\"https:\\\/\\\/fondation-os.fr\\\/os-ouest\\\/APIV\\\/wp-content\\\/uploads\\\/2022\\\/11\\\/Logo_APIV_Carre.png\",\"contentUrl\":\"https:\\\/\\\/fondation-os.fr\\\/os-ouest\\\/APIV\\\/wp-content\\\/uploads\\\/2022\\\/11\\\/Logo_APIV_Carre.png\",\"width\":285,\"height\":287,\"caption\":\"Graine de Courage, Sourire pour Parkinson\"},\"image\":{\"@id\":\"https:\\\/\\\/fondation-os.fr\\\/os-ouest\\\/APIV\\\/#\\\/schema\\\/logo\\\/image\\\/\"}}]}<\/script>\n<!-- \/ Yoast SEO plugin. -->","yoast_head_json":{"title":"Th\u00e9 dansant \u00e0 Ch\u00e2teaubriant le 18 ao\u00fbt 2024 - Graine de Courage, Sourire pour Parkinson","robots":{"index":"index","follow":"follow","max-snippet":"max-snippet:-1","max-image-preview":"max-image-preview:large","max-video-preview":"max-video-preview:-1"},"canonical":"https:\/\/fondation-os.fr\/os-ouest\/APIV\/event\/the-dansant-a-chateaubriant\/","og_locale":"fr_FR","og_type":"article","og_title":"Th\u00e9 dansant \u00e0 Ch\u00e2teaubriant le 18 ao\u00fbt 2024 - Graine de Courage, Sourire pour Parkinson","og_description":"Deuxi\u00e8me th\u00e9 dansant de l'ann\u00e9e en ce mois d'ao\u00fbt apr\u00e8s le succ\u00e8s rencontr\u00e9 avec celui du 3 mars. Nous vous y attendons nombreux !","og_url":"https:\/\/fondation-os.fr\/os-ouest\/APIV\/event\/the-dansant-a-chateaubriant\/","og_site_name":"Graine de Courage, Sourire pour Parkinson","article_modified_time":"2024-08-22T07:50:44+00:00","og_image":[{"width":678,"height":941,"url":"https:\/\/fondation-os.fr\/os-ouest\/APIV\/wp-content\/uploads\/2024\/03\/The-dansant-Aout-2024.jpg","type":"image\/jpeg"}],"twitter_card":"summary_large_image","twitter_misc":{"Dur\u00e9e de lecture estim\u00e9e":"1 minute"},"schema":{"@context":"https:\/\/schema.org","@graph":[{"@type":"WebPage","@id":"https:\/\/fondation-os.fr\/os-ouest\/APIV\/event\/the-dansant-a-chateaubriant\/","url":"https:\/\/fondation-os.fr\/os-ouest\/APIV\/event\/the-dansant-a-chateaubriant\/","name":"Th\u00e9 dansant \u00e0 Ch\u00e2teaubriant le 18 ao\u00fbt 2024 - Graine de Courage, Sourire pour Parkinson","isPartOf":{"@id":"https:\/\/fondation-os.fr\/os-ouest\/APIV\/#website"},"primaryImageOfPage":{"@id":"https:\/\/fondation-os.fr\/os-ouest\/APIV\/event\/the-dansant-a-chateaubriant\/#primaryimage"},"image":{"@id":"https:\/\/fondation-os.fr\/os-ouest\/APIV\/event\/the-dansant-a-chateaubriant\/#primaryimage"},"thumbnailUrl":"https:\/\/fondation-os.fr\/os-ouest\/APIV\/wp-content\/uploads\/2024\/03\/The-dansant-Aout-2024.jpg","datePublished":"2024-03-15T21:28:04+00:00","dateModified":"2024-08-22T07:50:44+00:00","breadcrumb":{"@id":"https:\/\/fondation-os.fr\/os-ouest\/APIV\/event\/the-dansant-a-chateaubriant\/#breadcrumb"},"inLanguage":"fr-FR","potentialAction":[{"@type":"ReadAction","target":["https:\/\/fondation-os.fr\/os-ouest\/APIV\/event\/the-dansant-a-chateaubriant\/"]}]},{"@type":"ImageObject","inLanguage":"fr-FR","@id":"https:\/\/fondation-os.fr\/os-ouest\/APIV\/event\/the-dansant-a-chateaubriant\/#primaryimage","url":"https:\/\/fondation-os.fr\/os-ouest\/APIV\/wp-content\/uploads\/2024\/03\/The-dansant-Aout-2024.jpg","contentUrl":"https:\/\/fondation-os.fr\/os-ouest\/APIV\/wp-content\/uploads\/2024\/03\/The-dansant-Aout-2024.jpg","width":678,"height":941},{"@type":"BreadcrumbList","@id":"https:\/\/fondation-os.fr\/os-ouest\/APIV\/event\/the-dansant-a-chateaubriant\/#breadcrumb","itemListElement":[{"@type":"ListItem","position":1,"name":"Accueil","item":"https:\/\/fondation-os.fr\/os-ouest\/APIV\/"},{"@type":"ListItem","position":2,"name":"\u00c9v\u00e8nements","item":"https:\/\/fondation-os.fr\/os-ouest\/APIV\/events\/"},{"@type":"ListItem","position":3,"name":"Th\u00e9 dansant \u00e0 Ch\u00e2teaubriant le 18 ao\u00fbt 2024"}]},{"@type":"WebSite","@id":"https:\/\/fondation-os.fr\/os-ouest\/APIV\/#website","url":"https:\/\/fondation-os.fr\/os-ouest\/APIV\/","name":"Graine de Courage, Sourire pour Parkinson","description":"Graine de Courage, Sourire pour Parkinson","publisher":{"@id":"https:\/\/fondation-os.fr\/os-ouest\/APIV\/#organization"},"potentialAction":[{"@type":"SearchAction","target":{"@type":"EntryPoint","urlTemplate":"https:\/\/fondation-os.fr\/os-ouest\/APIV\/?s={search_term_string}"},"query-input":{"@type":"PropertyValueSpecification","valueRequired":true,"valueName":"search_term_string"}}],"inLanguage":"fr-FR"},{"@type":"Organization","@id":"https:\/\/fondation-os.fr\/os-ouest\/APIV\/#organization","name":"Graine de Courage, Sourire pour Parkinson","url":"https:\/\/fondation-os.fr\/os-ouest\/APIV\/","logo":{"@type":"ImageObject","inLanguage":"fr-FR","@id":"https:\/\/fondation-os.fr\/os-ouest\/APIV\/#\/schema\/logo\/image\/","url":"https:\/\/fondation-os.fr\/os-ouest\/APIV\/wp-content\/uploads\/2022\/11\/Logo_APIV_Carre.png","contentUrl":"https:\/\/fondation-os.fr\/os-ouest\/APIV\/wp-content\/uploads\/2022\/11\/Logo_APIV_Carre.png","width":285,"height":287,"caption":"Graine de Courage, Sourire pour Parkinson"},"image":{"@id":"https:\/\/fondation-os.fr\/os-ouest\/APIV\/#\/schema\/logo\/image\/"}}]}},"_links":{"self":[{"href":"https:\/\/fondation-os.fr\/os-ouest\/APIV\/wp-json\/wp\/v2\/tribe_events\/5057","targetHints":{"allow":["GET"]}}],"collection":[{"href":"https:\/\/fondation-os.fr\/os-ouest\/APIV\/wp-json\/wp\/v2\/tribe_events"}],"about":[{"href":"https:\/\/fondation-os.fr\/os-ouest\/APIV\/wp-json\/wp\/v2\/types\/tribe_events"}],"author":[{"embeddable":true,"href":"https:\/\/fondation-os.fr\/os-ouest\/APIV\/wp-json\/wp\/v2\/users\/3"}],"version-history":[{"count":4,"href":"https:\/\/fondation-os.fr\/os-ouest\/APIV\/wp-json\/wp\/v2\/tribe_events\/5057\/revisions"}],"predecessor-version":[{"id":5128,"href":"https:\/\/fondation-os.fr\/os-ouest\/APIV\/wp-json\/wp\/v2\/tribe_events\/5057\/revisions\/5128"}],"wp:featuredmedia":[{"embeddable":true,"href":"https:\/\/fondation-os.fr\/os-ouest\/APIV\/wp-json\/wp\/v2\/media\/5059"}],"wp:attachment":[{"href":"https:\/\/fondation-os.fr\/os-ouest\/APIV\/wp-json\/wp\/v2\/media?parent=5057"}],"wp:term":[{"taxonomy":"post_tag","embeddable":true,"href":"https:\/\/fondation-os.fr\/os-ouest\/APIV\/wp-json\/wp\/v2\/tags?post=5057"},{"taxonomy":"tribe_events_cat","embeddable":true,"href":"https:\/\/fondation-os.fr\/os-ouest\/APIV\/wp-json\/wp\/v2\/tribe_events_cat?post=5057"}],"curies":[{"name":"wp","href":"https:\/\/api.w.org\/{rel}","templated":true}]}}

Thé dansant à Châteaubriant le 18 août 2024

<p>Deuxième  thé dansant de l&rsquo;année en ce mois d&rsquo;août après le succès rencontré avec celui du 3 mars.  Nous vous y attendons nombreux !</p>

<!-- This site is optimized with the Yoast SEO plugin v27.5 - https://yoast.com/product/yoast-seo-wordpress/ -->
<title>Thé dansant à Châteaubriant le 18 août 2024 - Graine de Courage, Sourire pour Parkinson</title>
<meta name="robots" content="index, follow, max-snippet:-1, max-image-preview:large, max-video-preview:-1" />
<link rel="canonical" href="https://fondation-os.fr/os-ouest/APIV/event/the-dansant-a-chateaubriant/" />
<meta property="og:locale" content="fr_FR" />
<meta property="og:type" content="article" />
<meta property="og:title" content="Thé dansant à Châteaubriant le 18 août 2024 - Graine de Courage, Sourire pour Parkinson" />
<meta property="og:description" content="Deuxième thé dansant de l&#039;année en ce mois d&#039;août après le succès rencontré avec celui du 3 mars. Nous vous y attendons nombreux !" />
<meta property="og:url" content="https://fondation-os.fr/os-ouest/APIV/event/the-dansant-a-chateaubriant/" />
<meta property="og:site_name" content="Graine de Courage, Sourire pour Parkinson" />
<meta property="article:modified_time" content="2024-08-22T07:50:44+00:00" />
<meta property="og:image" content="https://fondation-os.fr/os-ouest/APIV/wp-content/uploads/2024/03/The-dansant-Aout-2024.jpg" />
	<meta property="og:image:width" content="678" />
	<meta property="og:image:height" content="941" />
	<meta property="og:image:type" content="image/jpeg" />
<meta name="twitter:card" content="summary_large_image" />
<meta name="twitter:label1" content="Durée de lecture estimée" />
	<meta name="twitter:data1" content="1 minute" />
<script type="application/ld+json" class="yoast-schema-graph">{"@context":"https:\/\/schema.org","@graph":[{"@type":"WebPage","@id":"https:\/\/fondation-os.fr\/os-ouest\/APIV\/event\/the-dansant-a-chateaubriant\/","url":"https:\/\/fondation-os.fr\/os-ouest\/APIV\/event\/the-dansant-a-chateaubriant\/","name":"Thé dansant à Châteaubriant le 18 août 2024 - Graine de Courage, Sourire pour Parkinson","isPartOf":{"@id":"https:\/\/fondation-os.fr\/os-ouest\/APIV\/#website"},"primaryImageOfPage":{"@id":"https:\/\/fondation-os.fr\/os-ouest\/APIV\/event\/the-dansant-a-chateaubriant\/#primaryimage"},"image":{"@id":"https:\/\/fondation-os.fr\/os-ouest\/APIV\/event\/the-dansant-a-chateaubriant\/#primaryimage"},"thumbnailUrl":"https:\/\/fondation-os.fr\/os-ouest\/APIV\/wp-content\/uploads\/2024\/03\/The-dansant-Aout-2024.jpg","datePublished":"2024-03-15T21:28:04+00:00","dateModified":"2024-08-22T07:50:44+00:00","breadcrumb":{"@id":"https:\/\/fondation-os.fr\/os-ouest\/APIV\/event\/the-dansant-a-chateaubriant\/#breadcrumb"},"inLanguage":"fr-FR","potentialAction":[{"@type":"ReadAction","target":["https:\/\/fondation-os.fr\/os-ouest\/APIV\/event\/the-dansant-a-chateaubriant\/"]}]},{"@type":"ImageObject","inLanguage":"fr-FR","@id":"https:\/\/fondation-os.fr\/os-ouest\/APIV\/event\/the-dansant-a-chateaubriant\/#primaryimage","url":"https:\/\/fondation-os.fr\/os-ouest\/APIV\/wp-content\/uploads\/2024\/03\/The-dansant-Aout-2024.jpg","contentUrl":"https:\/\/fondation-os.fr\/os-ouest\/APIV\/wp-content\/uploads\/2024\/03\/The-dansant-Aout-2024.jpg","width":678,"height":941},{"@type":"BreadcrumbList","@id":"https:\/\/fondation-os.fr\/os-ouest\/APIV\/event\/the-dansant-a-chateaubriant\/#breadcrumb","itemListElement":[{"@type":"ListItem","position":1,"name":"Accueil","item":"https:\/\/fondation-os.fr\/os-ouest\/APIV\/"},{"@type":"ListItem","position":2,"name":"Évènements","item":"https:\/\/fondation-os.fr\/os-ouest\/APIV\/events\/"},{"@type":"ListItem","position":3,"name":"Thé dansant à Châteaubriant le 18 août 2024"}]},{"@type":"WebSite","@id":"https:\/\/fondation-os.fr\/os-ouest\/APIV\/#website","url":"https:\/\/fondation-os.fr\/os-ouest\/APIV\/","name":"Graine de Courage, Sourire pour Parkinson","description":"Graine de Courage, Sourire pour Parkinson","publisher":{"@id":"https:\/\/fondation-os.fr\/os-ouest\/APIV\/#organization"},"potentialAction":[{"@type":"SearchAction","target":{"@type":"EntryPoint","urlTemplate":"https:\/\/fondation-os.fr\/os-ouest\/APIV\/?s={search_term_string}"},"query-input":{"@type":"PropertyValueSpecification","valueRequired":true,"valueName":"search_term_string"}}],"inLanguage":"fr-FR"},{"@type":"Organization","@id":"https:\/\/fondation-os.fr\/os-ouest\/APIV\/#organization","name":"Graine de Courage, Sourire pour Parkinson","url":"https:\/\/fondation-os.fr\/os-ouest\/APIV\/","logo":{"@type":"ImageObject","inLanguage":"fr-FR","@id":"https:\/\/fondation-os.fr\/os-ouest\/APIV\/#\/schema\/logo\/image\/","url":"https:\/\/fondation-os.fr\/os-ouest\/APIV\/wp-content\/uploads\/2022\/11\/Logo_APIV_Carre.png","contentUrl":"https:\/\/fondation-os.fr\/os-ouest\/APIV\/wp-content\/uploads\/2022\/11\/Logo_APIV_Carre.png","width":285,"height":287,"caption":"Graine de Courage, Sourire pour Parkinson"},"image":{"@id":"https:\/\/fondation-os.fr\/os-ouest\/APIV\/#\/schema\/logo\/image\/"}}]}</script>
<!-- / Yoast SEO plugin. -->

Thé dansant à Châteaubriant le 18 août 2024 - Graine de Courage, Sourire pour Parkinson

Deuxième thé dansant de l'année en ce mois d'août après le succès rencontré avec celui du 3 mars. Nous vous y attendons nombreux !

Évènements
