{"id":578,"date":"2022-11-15T14:54:38","date_gmt":"2022-11-15T13:54:38","guid":{"rendered":"https:\/\/fondation-os.fr\/os-ouest\/APIV\/?page_id=578"},"modified":"2025-01-07T11:52:14","modified_gmt":"2025-01-07T10:52:14","slug":"adhesion","status":"publish","type":"page","link":"https:\/\/fondation-os.fr\/os-ouest\/APIV\/adhesion\/","title":{"rendered":"Adh\u00e9sion"},"content":{"rendered":"<p>[et_pb_section fb_built=\u00a0\u00bb1&Prime; _builder_version=\u00a0\u00bb4.27.4&Prime; _module_preset=\u00a0\u00bbdefault\u00a0\u00bb background_color=\u00a0\u00bb#9BB8D3&Prime; top_divider_style=\u00a0\u00bbslant2&Prime; top_divider_color=\u00a0\u00bb#35455B\u00a0\u00bb top_divider_height=\u00a0\u00bb75px\u00a0\u00bb top_divider_repeat=\u00a0\u00bb1x\u00a0\u00bb bottom_divider_style=\u00a0\u00bbramp2&Prime; bottom_divider_color=\u00a0\u00bb#35455B\u00a0\u00bb global_colors_info=\u00a0\u00bb{}\u00a0\u00bb][et_pb_row column_structure=\u00a0\u00bb3_4,1_4&Prime; _builder_version=\u00a0\u00bb4.19.1&Prime; _module_preset=\u00a0\u00bbdefault\u00a0\u00bb border_width_bottom=\u00a0\u00bb3px\u00a0\u00bb border_color_bottom=\u00a0\u00bb#545454&Prime; global_colors_info=\u00a0\u00bb{}\u00a0\u00bb][et_pb_column type=\u00a0\u00bb3_4&Prime; _builder_version=\u00a0\u00bb4.19.1&Prime; _module_preset=\u00a0\u00bbdefault\u00a0\u00bb global_colors_info=\u00a0\u00bb{}\u00a0\u00bb][et_pb_text _builder_version=\u00a0\u00bb4.27.4&Prime; _module_preset=\u00a0\u00bbdefault\u00a0\u00bb text_font=\u00a0\u00bb|600|||||||\u00a0\u00bb text_font_size=\u00a0\u00bb20px\u00a0\u00bb header_font=\u00a0\u00bb|600|||||||\u00a0\u00bb header_text_color=\u00a0\u00bb#35455B\u00a0\u00bb custom_margin=\u00a0\u00bb20px||||false|false\u00a0\u00bb global_colors_info=\u00a0\u00bb{}\u00a0\u00bb]<\/p>\n<h1><span class=\"markedContent\"><span style=\"left: 231.833px; top: 688.925px; font-size: 25px; font-family: sans-serif; transform: scaleX(0.952647);\" role=\"presentation\" dir=\"ltr\">Association Graine de Courage, Sourire pour Parkinson \/ Adh\u00e9sion \u2013 Cotisation<br \/><\/span><\/span><span class=\"markedContent\" id=\"page3R_mcid23\"><span style=\"left: 231.833px; top: 688.925px; font-size: 18.4px; font-family: sans-serif; transform: scaleX(0.952647);\" role=\"presentation\" dir=\"ltr\"><\/span><\/span><\/h1>\n<h1><span class=\"markedContent\"><span style=\"left: 231.833px; top: 688.925px; font-size: 18.4px; font-family: sans-serif; transform: scaleX(0.952647);\" role=\"presentation\" dir=\"ltr\"><\/span><\/span><\/h1>\n<h1><span class=\"markedContent\"><span style=\"left: 231.833px; top: 688.925px; font-size: 18.4px; font-family: sans-serif; transform: scaleX(0.952647);\" role=\"presentation\" dir=\"ltr\"><\/span><\/span><\/h1>\n<h1><span class=\"markedContent\"><span style=\"left: 231.833px; top: 688.925px; font-size: 18.4px; font-family: sans-serif; transform: scaleX(0.952647);\" role=\"presentation\" dir=\"ltr\"><\/span><\/span><\/h1>\n<h1><span class=\"markedContent\"><span style=\"left: 231.833px; top: 688.925px; font-size: 18.4px; font-family: sans-serif; transform: scaleX(0.952647);\" role=\"presentation\" dir=\"ltr\"><\/span><\/span><\/h1>\n<h1><span class=\"markedContent\" id=\"page3R_mcid23\"><span style=\"left: 231.833px; top: 688.925px; font-size: 18.4px; font-family: sans-serif; transform: scaleX(0.952647);\" role=\"presentation\" dir=\"ltr\">Merci de t\u00e9l\u00e9charger et d&rsquo;adresser le bulletin d\u2019adh\u00e9sion complet <a href=\"https:\/\/fondation-os.fr\/os-ouest\/APIV\/wp-content\/uploads\/2022\/11\/3-Bulletin-dadhesion-adherent-2022-2023.pdf\" target=\"_blank\" rel=\"noopener\" title=\"Bulletin d'adh\u00e9sion\" style=\"color: white;\">(Ci-dessous)<\/a> \u00e0 l\u2019adresse : Graine de Courage Sourire pour Parkinson, Mme Isabelle MARCILLE \u2013 69 Avenue du G\u00e9n\u00e9ral de Gaulle, appartement C16 \u2013 35131 CHARTRES DE BRETAGNE<br \/><\/span><\/span><span class=\"markedContent\"><span style=\"left: 652.317px; top: 710.125px; font-size: 18.4px; font-family: sans-serif; transform: scaleX(0.966491);\" role=\"presentation\" dir=\"ltr\">Pour toute question ou assistance concernant l&rsquo;adh\u00e9sion, vous pouvez <a href=\"https:\/\/fondation-os.fr\/os-ouest\/APIV\/nous-contacter\/\" title=\"nous contacter directement\" style=\"color: white;\">nous contacter directement<\/a> ou utiliser le formulaire ci-dessous. <\/span><\/span><\/h1>\n<h1><span class=\"markedContent\"><span style=\"left: 652.317px; top: 710.125px; font-size: 18.4px; font-family: sans-serif; transform: scaleX(0.966491);\" role=\"presentation\" dir=\"ltr\">Enfin, vous pouvez suivre nos actions en cours juste ici : <span style=\"color: #ffffff;\"><a href=\"https:\/\/www.helloasso.com\/associations\/association-de-parkinsoniens-d-ille-et-vilaine\" target=\"_blank\" rel=\"noopener\" style=\"color: #ffffff;\">https:\/\/www.helloasso.com\/<\/a><\/span><\/span><\/span><\/h1>\n<p><span class=\"markedContent\"><span style=\"left: 652.317px; top: 710.125px; font-size: 18.4px; font-family: sans-serif; transform: scaleX(0.966491);\" role=\"presentation\" dir=\"ltr\"><\/span><\/span><\/p>\n<p>[\/et_pb_text][\/et_pb_column][et_pb_column type=\u00a0\u00bb1_4&Prime; _builder_version=\u00a0\u00bb4.19.1&Prime; _module_preset=\u00a0\u00bbdefault\u00a0\u00bb global_colors_info=\u00a0\u00bb{}\u00a0\u00bb][et_pb_image src=\u00a0\u00bbhttps:\/\/fondation-os.fr\/os-ouest\/APIV\/wp-content\/uploads\/2024\/12\/Logo-Graine-de-Courage-2023_Rond-blanc-transparent.png\u00a0\u00bb title_text=\u00a0\u00bbLogo Graine de Courage &#8211; 2023_Rond blanc transparent\u00a0\u00bb url=\u00a0\u00bbhttps:\/\/fondation-os.fr\/os-ouest\/APIV\/wp-content\/uploads\/2023\/03\/Bulletin-dadhesion-adherent-2023_Provisoire.pdf\u00a0\u00bb _builder_version=\u00a0\u00bb4.27.4&Prime; _module_preset=\u00a0\u00bbdefault\u00a0\u00bb custom_margin=\u00a0\u00bb-20px||||false|false\u00a0\u00bb locked=\u00a0\u00bboff\u00a0\u00bb global_colors_info=\u00a0\u00bb{}\u00a0\u00bb][\/et_pb_image][\/et_pb_column][\/et_pb_row][et_pb_row column_structure=\u00a0\u00bb3_5,2_5&Prime; _builder_version=\u00a0\u00bb4.27.4&Prime; _module_preset=\u00a0\u00bbdefault\u00a0\u00bb background_enable_image=\u00a0\u00bboff\u00a0\u00bb border_style_all=\u00a0\u00bbnone\u00a0\u00bb border_width_top=\u00a0\u00bb2px\u00a0\u00bb border_color_top=\u00a0\u00bb#006837&Prime; global_colors_info=\u00a0\u00bb{}\u00a0\u00bb][et_pb_column type=\u00a0\u00bb3_5&Prime; _builder_version=\u00a0\u00bb4.19.0&Prime; _module_preset=\u00a0\u00bbdefault\u00a0\u00bb global_colors_info=\u00a0\u00bb{}\u00a0\u00bb][et_pb_code _builder_version=\u00a0\u00bb4.27.4&Prime; _module_preset=\u00a0\u00bbdefault\u00a0\u00bb background_color=\u00a0\u00bb#35455B\u00a0\u00bb background_enable_image=\u00a0\u00bboff\u00a0\u00bb parallax=\u00a0\u00bbon\u00a0\u00bb text_orientation=\u00a0\u00bbleft\u00a0\u00bb custom_padding=\u00a0\u00bb|10px|12px|10px|false|true\u00a0\u00bb hover_enabled=\u00a0\u00bb0&Prime; border_color_all=\u00a0\u00bb#EF568E\u00a0\u00bb box_shadow_style=\u00a0\u00bbpreset1&Prime; global_colors_info=\u00a0\u00bb{}\u00a0\u00bb sticky_enabled=\u00a0\u00bb0&Prime;]\n<div class=\"wpcf7 no-js\" id=\"wpcf7-f577-o1\" lang=\"fr-FR\" dir=\"ltr\" data-wpcf7-id=\"577\">\n<div class=\"screen-reader-response\"><p role=\"status\" aria-live=\"polite\" aria-atomic=\"true\"><\/p> <ul><\/ul><\/div>\n<form action=\"\/os-ouest\/APIV\/wp-json\/wp\/v2\/pages\/578#wpcf7-f577-o1\" method=\"post\" class=\"wpcf7-form init\" aria-label=\"Formulaire de contact\" novalidate=\"novalidate\" data-status=\"init\">\n<fieldset class=\"hidden-fields-container\"><input type=\"hidden\" name=\"_wpcf7\" value=\"577\" \/><input type=\"hidden\" name=\"_wpcf7_version\" value=\"6.1.5\" \/><input type=\"hidden\" name=\"_wpcf7_locale\" value=\"fr_FR\" \/><input type=\"hidden\" name=\"_wpcf7_unit_tag\" value=\"wpcf7-f577-o1\" \/><input type=\"hidden\" name=\"_wpcf7_container_post\" value=\"0\" \/><input type=\"hidden\" name=\"_wpcf7_posted_data_hash\" value=\"\" \/><input type=\"hidden\" name=\"_wpcf7_recaptcha_response\" value=\"\" \/>\n<\/fieldset>\n<div class=\"form-container\">\n\t<p><br \/>\n\t\t<font color=\"#ffffff\">\n <b>Pour toute information ou assistance concernant votre adh\u00e9sion, vous pouvez utiliser le formulaire ci-dessous : <\/b>\n\t\t<\/font>\n\t<\/p>\n\t<p><label>\n\t\t\t<font color=\"#ffffff\"> Votre nom\n\t\t\t<\/font><br \/>\n<span class=\"wpcf7-form-control-wrap\" data-name=\"your-name\"><input size=\"40\" maxlength=\"400\" class=\"wpcf7-form-control wpcf7-text wpcf7-validates-as-required\" aria-required=\"true\" aria-invalid=\"false\" value=\"\" type=\"text\" name=\"your-name\" \/><\/span> <\/label>\n\t<\/p>\n\t<p><label>\n\t\t\t<font color=\"#ffffff\"> Votre adresse\n\t\t\t<\/font><br \/>\n<span class=\"wpcf7-form-control-wrap\" data-name=\"text-847\"><input size=\"40\" maxlength=\"400\" class=\"wpcf7-form-control wpcf7-text wpcf7-validates-as-required\" aria-required=\"true\" aria-invalid=\"false\" value=\"\" type=\"text\" name=\"text-847\" \/><\/span> <\/label>\n\t<\/p>\n\t<p><label>\n\t\t\t<font color=\"#ffffff\"> Votre num\u00e9ro de t\u00e9l\u00e9phone\n\t\t\t<\/font><br \/>\n<span class=\"wpcf7-form-control-wrap\" data-name=\"tel-339\"><input size=\"40\" maxlength=\"400\" class=\"wpcf7-form-control wpcf7-tel wpcf7-validates-as-required wpcf7-text wpcf7-validates-as-tel\" aria-required=\"true\" aria-invalid=\"false\" value=\"\" type=\"tel\" name=\"tel-339\" \/><\/span> <\/label>\n\t<\/p>\n\t<p><label>\n\t\t\t<font color=\"#ffffff\"> Votre e-mail\n\t\t\t<\/font><br \/>\n<span class=\"wpcf7-form-control-wrap\" data-name=\"your-email\"><input size=\"40\" maxlength=\"400\" class=\"wpcf7-form-control wpcf7-email wpcf7-validates-as-required wpcf7-text wpcf7-validates-as-email\" aria-required=\"true\" aria-invalid=\"false\" value=\"\" type=\"email\" name=\"your-email\" \/><\/span> <\/label>\n\t<\/p>\n\t<p><label>\n\t\t\t<font color=\"#ffffff\"> Objet\n\t\t\t<\/font><br \/>\n<span class=\"wpcf7-form-control-wrap\" data-name=\"your-subject\"><input size=\"40\" maxlength=\"400\" class=\"wpcf7-form-control wpcf7-text wpcf7-validates-as-required\" aria-required=\"true\" aria-invalid=\"false\" value=\"\" type=\"text\" name=\"your-subject\" \/><\/span> <\/label>\n\t<\/p>\n\t<p><label>\n\t\t\t<font color=\"#ffffff\"> Votre message (facultatif)\n\t\t\t<\/font><br \/>\n<span class=\"wpcf7-form-control-wrap\" data-name=\"your-message\"><textarea cols=\"40\" rows=\"10\" maxlength=\"2000\" class=\"wpcf7-form-control wpcf7-textarea\" aria-invalid=\"false\" name=\"your-message\"><\/textarea><\/span> <\/label>\n\t<\/p>\n\t<style>\n input[type=\"submit\"] {\n color: #35455B !important; \n background-color: #ffffff !important; \n border: 1px solid #35455B !important;\n padding: 10px 20px;\n font-weight: bold;\n cursor: pointer;\n }\n\n input[type=\"submit\"]:hover {\n background-color: #9bb8d3 !important; \n color: #35455B !important; \n }\n\t<\/style>\n\t<p><input class=\"wpcf7-form-control wpcf7-submit has-spinner\" type=\"submit\" value=\"Envoyer le message\" \/>\n\t<\/p>\n<\/div><div class=\"wpcf7-response-output\" aria-hidden=\"true\"><\/div>\n<\/form>\n<\/div>\n[\/et_pb_code][\/et_pb_column][et_pb_column type=\u00a0\u00bb2_5&Prime; _builder_version=\u00a0\u00bb4.19.0&Prime; _module_preset=\u00a0\u00bbdefault\u00a0\u00bb global_colors_info=\u00a0\u00bb{}\u00a0\u00bb][et_pb_text _builder_version=\u00a0\u00bb4.27.4&Prime; _module_preset=\u00a0\u00bbdefault\u00a0\u00bb header_text_color=\u00a0\u00bb#35455B\u00a0\u00bb header_2_font=\u00a0\u00bb|600|||||||\u00a0\u00bb header_2_text_align=\u00a0\u00bbcenter\u00a0\u00bb header_2_text_color=\u00a0\u00bb#35455B\u00a0\u00bb global_colors_info=\u00a0\u00bb{}\u00a0\u00bb]<\/p>\n<h2>Bulletin d&rsquo;adh\u00e9sion \u00e0 t\u00e9l\u00e9charger<\/h2>\n<p>[\/et_pb_text][et_pb_image src=\u00a0\u00bbhttps:\/\/fondation-os.fr\/os-ouest\/APIV\/wp-content\/uploads\/2025\/01\/Bulletin-dadhesion-adherent-2024-1-pdf.jpg\u00a0\u00bb title_text=\u00a0\u00bbBulletin-dadhesion-adherent-2024-1&Prime; url=\u00a0\u00bbhttps:\/\/fondation-os.fr\/os-ouest\/APIV\/wp-content\/uploads\/2024\/01\/Bulletin-dadhesion-adherent-2024-1.pdf\u00a0\u00bb url_new_window=\u00a0\u00bbon\u00a0\u00bb align=\u00a0\u00bbcenter\u00a0\u00bb _builder_version=\u00a0\u00bb4.27.4&Prime; _module_preset=\u00a0\u00bbdefault\u00a0\u00bb global_colors_info=\u00a0\u00bb{}\u00a0\u00bb][\/et_pb_image][\/et_pb_column][\/et_pb_row][et_pb_row _builder_version=\u00a0\u00bb4.27.4&Prime; _module_preset=\u00a0\u00bbdefault\u00a0\u00bb background_color=\u00a0\u00bb#35455B\u00a0\u00bb border_width_all=\u00a0\u00bb2px\u00a0\u00bb border_color_all=\u00a0\u00bb#545454&Prime; global_colors_info=\u00a0\u00bb{}\u00a0\u00bb][et_pb_column type=\u00a0\u00bb4_4&Prime; _builder_version=\u00a0\u00bb4.19.1&Prime; _module_preset=\u00a0\u00bbdefault\u00a0\u00bb global_colors_info=\u00a0\u00bb{}\u00a0\u00bb][et_pb_text _builder_version=\u00a0\u00bb4.20.0&Prime; _module_preset=\u00a0\u00bbdefault\u00a0\u00bb text_font=\u00a0\u00bb||on||||||\u00a0\u00bb text_text_color=\u00a0\u00bb#FFFFFF\u00a0\u00bb custom_margin=\u00a0\u00bb-20px||-20px||true|false\u00a0\u00bb custom_padding=\u00a0\u00bb0px|20px|0px|20px|false|true\u00a0\u00bb global_colors_info=\u00a0\u00bb{}\u00a0\u00bb]<\/p>\n<p><span class=\"markedContent\" id=\"page3R_mcid23\"><span style=\"left: 231.833px; top: 688.925px; font-size: 18.4px; font-family: sans-serif; transform: scaleX(0.952647);\" role=\"presentation\" dir=\"ltr\"><\/span><\/span><span class=\"markedContent\" id=\"page3R_mcid24\"><span style=\"left: 652.317px; top: 710.125px; font-size: 18.4px; font-family: sans-serif; transform: scaleX(0.966491);\" role=\"presentation\" dir=\"ltr\"><span class=\"markedContent\" id=\"page3R_mcid21\"><span style=\"left: 94.4px; top: 625.725px; font-size: 18.4px; font-family: sans-serif; transform: scaleX(0.926802);\" role=\"presentation\" dir=\"ltr\">\u00a0L\u2019Association, reconnue d&rsquo;int\u00e9r\u00eat g\u00e9n\u00e9ral, est habilit\u00e9e \u00e0 \u00e9tablir <\/span><span style=\"left: 520.031px; top: 625.725px; font-size: 18.4px; font-family: sans-serif;\" role=\"presentation\" dir=\"ltr\">u<\/span><span style=\"left: 525.717px; top: 625.725px; font-size: 18.4px; font-family: sans-serif;\" role=\"presentation\" dir=\"ltr\"><\/span><span style=\"left: 538.917px; top: 625.725px; font-size: 18.4px; font-family: sans-serif;\" role=\"presentation\" dir=\"ltr\">n<\/span><span style=\"left: 548.117px; top: 625.725px; font-size: 18.4px; font-family: sans-serif;\" role=\"presentation\" dir=\"ltr\"> <\/span><span style=\"left: 553.717px; top: 625.725px; font-size: 18.4px; font-family: sans-serif;\" role=\"presentation\" dir=\"ltr\">r<\/span><span style=\"left: 560.917px; top: 625.725px; font-size: 18.4px; font-family: sans-serif; transform: scaleX(0.85529);\" role=\"presentation\" dir=\"ltr\">e\u00e7u<\/span><span style=\"left: 586.29px; top: 625.725px; font-size: 18.4px; font-family: sans-serif;\" role=\"presentation\" dir=\"ltr\"> <\/span><span style=\"left: 591.917px; top: 625.725px; font-size: 18.4px; font-family: sans-serif; transform: scaleX(0.943);\" role=\"presentation\" dir=\"ltr\">fis<\/span><span style=\"left: 609.317px; top: 625.725px; font-size: 18.4px; font-family: sans-serif; transform: scaleX(0.94908);\" role=\"presentation\" dir=\"ltr\">cal<\/span><span style=\"left: 631.636px; top: 625.725px; font-size: 18.4px; font-family: sans-serif;\" role=\"presentation\" dir=\"ltr\"> pour ses donateurs. <\/span><span style=\"left: 637.117px; top: 625.725px; font-size: 18.4px; font-family: sans-serif; transform: scaleX(0.931053);\" role=\"presentation\" dir=\"ltr\">Les re\u00e7us sont \u00e9tablis au mois de d\u00e9cembre.<\/span><span style=\"left: 94.4px; top: 646.725px; font-size: 18.4px; font-family: sans-serif; transform: scaleX(0.919432);\" role=\"presentation\" dir=\"ltr\"><br \/><\/span><span style=\"left: 188.233px; top: 646.725px; font-size: 18.4px; font-family: sans-serif; transform: scaleX(0.942147);\" role=\"presentation\" dir=\"ltr\">(tout<\/span><span style=\"left: 222.936px; top: 646.725px; font-size: 18.4px; font-family: sans-serif;\" role=\"presentation\" dir=\"ltr\"> <\/span><span style=\"left: 227.433px; top: 646.725px; font-size: 18.4px; font-family: sans-serif; transform: scaleX(0.907471);\" role=\"presentation\" dir=\"ltr\">don vers\u00e9 \u00e0 une association 1901 donne droit \u00e0 une r\u00e9duction d\u2019imp\u00f4t)<\/span><\/span><\/span><\/span><\/p>\n<p>[\/et_pb_text][\/et_pb_column][\/et_pb_row][\/et_pb_section]<\/p>\n","protected":false},"excerpt":{"rendered":"<p>Association Graine de Courage, Sourire pour Parkinson \/ Adh\u00e9sion \u2013 Cotisation Merci de t\u00e9l\u00e9charger et d&rsquo;adresser le bulletin d\u2019adh\u00e9sion complet (Ci-dessous) \u00e0 l\u2019adresse : Graine de Courage Sourire pour Parkinson, [&hellip;]<\/p>\n","protected":false},"author":1,"featured_media":0,"parent":0,"menu_order":0,"comment_status":"closed","ping_status":"closed","template":"","meta":{"_acf_changed":false,"_et_pb_use_builder":"on","_et_pb_old_content":"","_et_gb_content_width":"","footnotes":""},"class_list":["post-578","page","type-page","status-publish","hentry"],"acf":[],"yoast_head":"<!-- This site is optimized with the Yoast SEO plugin v27.4 - https:\/\/yoast.com\/product\/yoast-seo-wordpress\/ -->\n<title>Adh\u00e9sion - Graine de Courage, Sourire pour Parkinson<\/title>\n<meta name=\"description\" content=\"Adh\u00e9sion \u00e0 l&#039;APIV : Association de parkinsoniens d&#039;Ille et Vilaine. Bulletin d&#039;adh\u00e9sion \u00e0 t\u00e9l\u00e9charger...\" \/>\n<meta name=\"robots\" content=\"index, follow, max-snippet:-1, max-image-preview:large, max-video-preview:-1\" \/>\n<link rel=\"canonical\" href=\"https:\/\/fondation-os.fr\/os-ouest\/APIV\/adhesion\/\" \/>\n<meta property=\"og:locale\" content=\"fr_FR\" \/>\n<meta property=\"og:type\" content=\"article\" \/>\n<meta property=\"og:title\" content=\"Adh\u00e9sion - Graine de Courage, Sourire pour Parkinson\" \/>\n<meta property=\"og:description\" content=\"Adh\u00e9sion \u00e0 l&#039;APIV : Association de parkinsoniens d&#039;Ille et Vilaine. Bulletin d&#039;adh\u00e9sion \u00e0 t\u00e9l\u00e9charger...\" \/>\n<meta property=\"og:url\" content=\"https:\/\/fondation-os.fr\/os-ouest\/APIV\/adhesion\/\" \/>\n<meta property=\"og:site_name\" content=\"Graine de Courage, Sourire pour Parkinson\" \/>\n<meta property=\"article:modified_time\" content=\"2025-01-07T10:52:14+00:00\" \/>\n<meta name=\"twitter:card\" content=\"summary_large_image\" \/>\n<meta name=\"twitter:label1\" content=\"Dur\u00e9e de lecture estim\u00e9e\" \/>\n\t<meta name=\"twitter:data1\" content=\"2 minutes\" \/>\n<script type=\"application\/ld+json\" class=\"yoast-schema-graph\">{\"@context\":\"https:\\\/\\\/schema.org\",\"@graph\":[{\"@type\":\"WebPage\",\"@id\":\"https:\\\/\\\/fondation-os.fr\\\/os-ouest\\\/APIV\\\/adhesion\\\/\",\"url\":\"https:\\\/\\\/fondation-os.fr\\\/os-ouest\\\/APIV\\\/adhesion\\\/\",\"name\":\"Adh\u00e9sion - Graine de Courage, Sourire pour Parkinson\",\"isPartOf\":{\"@id\":\"https:\\\/\\\/fondation-os.fr\\\/os-ouest\\\/APIV\\\/#website\"},\"datePublished\":\"2022-11-15T13:54:38+00:00\",\"dateModified\":\"2025-01-07T10:52:14+00:00\",\"description\":\"Adh\u00e9sion \u00e0 l'APIV : Association de parkinsoniens d'Ille et Vilaine. Bulletin d'adh\u00e9sion \u00e0 t\u00e9l\u00e9charger...\",\"breadcrumb\":{\"@id\":\"https:\\\/\\\/fondation-os.fr\\\/os-ouest\\\/APIV\\\/adhesion\\\/#breadcrumb\"},\"inLanguage\":\"fr-FR\",\"potentialAction\":[{\"@type\":\"ReadAction\",\"target\":[\"https:\\\/\\\/fondation-os.fr\\\/os-ouest\\\/APIV\\\/adhesion\\\/\"]}]},{\"@type\":\"BreadcrumbList\",\"@id\":\"https:\\\/\\\/fondation-os.fr\\\/os-ouest\\\/APIV\\\/adhesion\\\/#breadcrumb\",\"itemListElement\":[{\"@type\":\"ListItem\",\"position\":1,\"name\":\"Accueil\",\"item\":\"https:\\\/\\\/fondation-os.fr\\\/os-ouest\\\/APIV\\\/\"},{\"@type\":\"ListItem\",\"position\":2,\"name\":\"Adh\u00e9sion\"}]},{\"@type\":\"WebSite\",\"@id\":\"https:\\\/\\\/fondation-os.fr\\\/os-ouest\\\/APIV\\\/#website\",\"url\":\"https:\\\/\\\/fondation-os.fr\\\/os-ouest\\\/APIV\\\/\",\"name\":\"Graine de Courage, Sourire pour Parkinson\",\"description\":\"Graine de Courage, Sourire pour Parkinson\",\"publisher\":{\"@id\":\"https:\\\/\\\/fondation-os.fr\\\/os-ouest\\\/APIV\\\/#organization\"},\"potentialAction\":[{\"@type\":\"SearchAction\",\"target\":{\"@type\":\"EntryPoint\",\"urlTemplate\":\"https:\\\/\\\/fondation-os.fr\\\/os-ouest\\\/APIV\\\/?s={search_term_string}\"},\"query-input\":{\"@type\":\"PropertyValueSpecification\",\"valueRequired\":true,\"valueName\":\"search_term_string\"}}],\"inLanguage\":\"fr-FR\"},{\"@type\":\"Organization\",\"@id\":\"https:\\\/\\\/fondation-os.fr\\\/os-ouest\\\/APIV\\\/#organization\",\"name\":\"Graine de Courage, Sourire pour Parkinson\",\"url\":\"https:\\\/\\\/fondation-os.fr\\\/os-ouest\\\/APIV\\\/\",\"logo\":{\"@type\":\"ImageObject\",\"inLanguage\":\"fr-FR\",\"@id\":\"https:\\\/\\\/fondation-os.fr\\\/os-ouest\\\/APIV\\\/#\\\/schema\\\/logo\\\/image\\\/\",\"url\":\"https:\\\/\\\/fondation-os.fr\\\/os-ouest\\\/APIV\\\/wp-content\\\/uploads\\\/2022\\\/11\\\/Logo_APIV_Carre.png\",\"contentUrl\":\"https:\\\/\\\/fondation-os.fr\\\/os-ouest\\\/APIV\\\/wp-content\\\/uploads\\\/2022\\\/11\\\/Logo_APIV_Carre.png\",\"width\":285,\"height\":287,\"caption\":\"Graine de Courage, Sourire pour Parkinson\"},\"image\":{\"@id\":\"https:\\\/\\\/fondation-os.fr\\\/os-ouest\\\/APIV\\\/#\\\/schema\\\/logo\\\/image\\\/\"}}]}<\/script>\n<!-- \/ Yoast SEO plugin. -->","yoast_head_json":{"title":"Adh\u00e9sion - Graine de Courage, Sourire pour Parkinson","description":"Adh\u00e9sion \u00e0 l'APIV : Association de parkinsoniens d'Ille et Vilaine. Bulletin d'adh\u00e9sion \u00e0 t\u00e9l\u00e9charger...","robots":{"index":"index","follow":"follow","max-snippet":"max-snippet:-1","max-image-preview":"max-image-preview:large","max-video-preview":"max-video-preview:-1"},"canonical":"https:\/\/fondation-os.fr\/os-ouest\/APIV\/adhesion\/","og_locale":"fr_FR","og_type":"article","og_title":"Adh\u00e9sion - Graine de Courage, Sourire pour Parkinson","og_description":"Adh\u00e9sion \u00e0 l'APIV : Association de parkinsoniens d'Ille et Vilaine. Bulletin d'adh\u00e9sion \u00e0 t\u00e9l\u00e9charger...","og_url":"https:\/\/fondation-os.fr\/os-ouest\/APIV\/adhesion\/","og_site_name":"Graine de Courage, Sourire pour Parkinson","article_modified_time":"2025-01-07T10:52:14+00:00","twitter_card":"summary_large_image","twitter_misc":{"Dur\u00e9e de lecture estim\u00e9e":"2 minutes"},"schema":{"@context":"https:\/\/schema.org","@graph":[{"@type":"WebPage","@id":"https:\/\/fondation-os.fr\/os-ouest\/APIV\/adhesion\/","url":"https:\/\/fondation-os.fr\/os-ouest\/APIV\/adhesion\/","name":"Adh\u00e9sion - Graine de Courage, Sourire pour Parkinson","isPartOf":{"@id":"https:\/\/fondation-os.fr\/os-ouest\/APIV\/#website"},"datePublished":"2022-11-15T13:54:38+00:00","dateModified":"2025-01-07T10:52:14+00:00","description":"Adh\u00e9sion \u00e0 l'APIV : Association de parkinsoniens d'Ille et Vilaine. Bulletin d'adh\u00e9sion \u00e0 t\u00e9l\u00e9charger...","breadcrumb":{"@id":"https:\/\/fondation-os.fr\/os-ouest\/APIV\/adhesion\/#breadcrumb"},"inLanguage":"fr-FR","potentialAction":[{"@type":"ReadAction","target":["https:\/\/fondation-os.fr\/os-ouest\/APIV\/adhesion\/"]}]},{"@type":"BreadcrumbList","@id":"https:\/\/fondation-os.fr\/os-ouest\/APIV\/adhesion\/#breadcrumb","itemListElement":[{"@type":"ListItem","position":1,"name":"Accueil","item":"https:\/\/fondation-os.fr\/os-ouest\/APIV\/"},{"@type":"ListItem","position":2,"name":"Adh\u00e9sion"}]},{"@type":"WebSite","@id":"https:\/\/fondation-os.fr\/os-ouest\/APIV\/#website","url":"https:\/\/fondation-os.fr\/os-ouest\/APIV\/","name":"Graine de Courage, Sourire pour Parkinson","description":"Graine de Courage, Sourire pour Parkinson","publisher":{"@id":"https:\/\/fondation-os.fr\/os-ouest\/APIV\/#organization"},"potentialAction":[{"@type":"SearchAction","target":{"@type":"EntryPoint","urlTemplate":"https:\/\/fondation-os.fr\/os-ouest\/APIV\/?s={search_term_string}"},"query-input":{"@type":"PropertyValueSpecification","valueRequired":true,"valueName":"search_term_string"}}],"inLanguage":"fr-FR"},{"@type":"Organization","@id":"https:\/\/fondation-os.fr\/os-ouest\/APIV\/#organization","name":"Graine de Courage, Sourire pour Parkinson","url":"https:\/\/fondation-os.fr\/os-ouest\/APIV\/","logo":{"@type":"ImageObject","inLanguage":"fr-FR","@id":"https:\/\/fondation-os.fr\/os-ouest\/APIV\/#\/schema\/logo\/image\/","url":"https:\/\/fondation-os.fr\/os-ouest\/APIV\/wp-content\/uploads\/2022\/11\/Logo_APIV_Carre.png","contentUrl":"https:\/\/fondation-os.fr\/os-ouest\/APIV\/wp-content\/uploads\/2022\/11\/Logo_APIV_Carre.png","width":285,"height":287,"caption":"Graine de Courage, Sourire pour Parkinson"},"image":{"@id":"https:\/\/fondation-os.fr\/os-ouest\/APIV\/#\/schema\/logo\/image\/"}}]}},"_links":{"self":[{"href":"https:\/\/fondation-os.fr\/os-ouest\/APIV\/wp-json\/wp\/v2\/pages\/578","targetHints":{"allow":["GET"]}}],"collection":[{"href":"https:\/\/fondation-os.fr\/os-ouest\/APIV\/wp-json\/wp\/v2\/pages"}],"about":[{"href":"https:\/\/fondation-os.fr\/os-ouest\/APIV\/wp-json\/wp\/v2\/types\/page"}],"author":[{"embeddable":true,"href":"https:\/\/fondation-os.fr\/os-ouest\/APIV\/wp-json\/wp\/v2\/users\/1"}],"replies":[{"embeddable":true,"href":"https:\/\/fondation-os.fr\/os-ouest\/APIV\/wp-json\/wp\/v2\/comments?post=578"}],"version-history":[{"count":23,"href":"https:\/\/fondation-os.fr\/os-ouest\/APIV\/wp-json\/wp\/v2\/pages\/578\/revisions"}],"predecessor-version":[{"id":5804,"href":"https:\/\/fondation-os.fr\/os-ouest\/APIV\/wp-json\/wp\/v2\/pages\/578\/revisions\/5804"}],"wp:attachment":[{"href":"https:\/\/fondation-os.fr\/os-ouest\/APIV\/wp-json\/wp\/v2\/media?parent=578"}],"curies":[{"name":"wp","href":"https:\/\/api.w.org\/{rel}","templated":true}]}}